 -h*d + 60. What is the units digit of m?
0
Suppose 21*c = 112784 + 53074. What is the tens digit of c?
9
Suppose 5*a - 20 = -0*a, -2*m + 34 = 4*a. Suppose -m*x + 2907 = -0*x. What is the hundreds digit of x?
3
Suppose 14*x - 18*x + 3528 = 0. Let o = 1281 - x. What is the hundreds digit of o?
3
Let i(m) = 5878*m + 3655. What is the units digit of i(5)?
5
Suppose -5*x + q - 100 = -4*q, -4*q = -8. Let p = x - -21. What is the hundreds digit of p + (-8687)/(-77) + 2/11?
1
Suppose q - 2*q + 83 = 4*b, -3*q = 5*b - 284. Let m = 374 - q. What is the units digit of m?
1
Suppose 2920 + 23640 = 4*r. What is the hundreds digit of r?
6
Let i be 15 - 1870/(-14 + 3). Suppose 2*d - 205 = d. Suppose 3*l = d + i. What is the units digit of l?
0
Let m(c) = -68*c - 1. Let t be m(-16). Suppose -4*l - 9*p = -6*p - 881, 5*l - p - t = 0. What is the tens digit of l?
1
Let z = 67146 - 40989. What is the units digit of z?
7
Suppose w + 12*w + 26 = 0. Let c be ((w - 4)/(-2))/1. What is the tens digit of (63/c)/((-15)/(-10))?
1
Let x(o) = -o**3 - 33*o**2 - 34*o + 408. What is the units digit of x(-34)?
0
Let s = 10883 - 8404. What is the thousands digit of s?
2
Suppose -6*f - 18 = -12. Let m(h) = 17*h - 7. Let p(d) = 25*d - 11. Let w(k) = -8*m(k) + 5*p(k). What is the units digit of w(f)?
2
Let o = -770 - 230. Let k = o + 1544. Let i = 803 - k. What is the hundreds digit of i?
2
Suppose -5*r = 5*o - 5611 + 17326, 0 = -2*o + 3*r - 4671. Let c = 57 + -67. What is the tens digit of o/(-20) + c/2?
1
Suppose -8*c = 3*c + 330. Let n = 3 + -6. What is the units digit of ((-34)/(-4))/(n/c)?
5
Let g be 2/(-4) + 39/6 + 0. Let u(p) = 14*p + 3 - 14*p + g*p**2 - 13*p + p**3. What is the tens digit of u(-6)?
8
Suppose 0*l - 36 = -9*l. Suppose 0 = l*i - 25 - 19. Suppose 9 = t - 3*k, 2*t - k - 7 - i = 0. What is the units digit of t?
9
Let q(x) = -x**2 - 13*x + 14. Let d be q(-12). Suppose -d*v + 4146 = -6410. What is the units digit of v?
6
Let p(g) = -5*g**2 + 49*g + 12. Let v be p(10). Let y = 1 + -1. Suppose v*r - 6*r + 184 = y. What is the tens digit of r?
4
Let v(x) = -36*x - 17. Let a be v(-8). Let j = -597 - -984. Let d = j - a. What is the hundreds digit of d?
1
Let a = -20 - -30. Suppose 2*c - 100 = -5*h, -50 = -c - a*h + 7*h. What is the tens digit of c?
5
Let l(c) = -1381*c + 1315. What is the tens digit of l(-10)?
2
Suppose -4*u + 9152 = -34868. Suppose -52*j + u = 761. What is the tens digit of j?
9
Let z(m) = 4*m**2 - 24*m - 10. Let p = -98 - -109. Let h(u) = -20*u**2 + 121*u + 49. Let l(v) = p*z(v) + 2*h(v). What is the units digit of l(9)?
4
Let y(v) = 44*v - 8. Let w(n) = n. Let h(j) = 4*w(j) + y(j). Let q be h(1). What is the units digit of (-6)/(-8) + 10/q?
1
Let j(m) = 2*m - 4175 + 4163 - 3*m. Let w be j(-15). Suppose -7*o + 436 = -w*o. What is the units digit of o?
9
Let h = 2077 - -2841. What is the thousands digit of h?
4
Let w be 5/(-60) + (-2353)/(-12). Suppose w + 62 = 6*z. What is the tens digit of z?
4
Let u = 28943 - 12420. What is the ten thousands digit of u?
1
Let x = -311 - -53. Let v = -121 - x. What is the units digit of v/3 + (-2)/(-6)?
6
Let r(v) = 1 + 7*v + 258*v**2 - v - 100*v**2 - v - 6*v. What is the units digit of r(2)?
1
Suppose 4*r - 12951 - 11473 = 2*t, 2*r + t - 12220 = 0. What is the tens digit of r?
0
Let d be (-90)/(-9)*1/2. Suppose 3*i - 2*x = 123, i = d*i + 2*x - 178. Suppose -5*r = -87 - i. What is the tens digit of r?
2
Let c be (-4 - 8)*(-18)/8. Let r = -27 + c. Suppose r = 2*w - 43 - 7. What is the units digit of w?
5
Let r(a) = -9*a**3 + 3*a + 2. Let x be r(-1). What is the units digit of (-44)/x*(0 + -2)*28?
8
Let z = -8102 + 21644. What is the units digit of z?
2
Let t(v) = -v**3 + 156*v**2 - 64*v - 659. What is the ten thousands digit of t(155)?
1
Let h(j) = j**2 + 7*j - 72. Suppose -5*p + f + 118 = 0, -3*p + 60 - 3 = 4*f. What is the tens digit of h(p)?
1
Let s be 378/99 + 2/11. Suppose -s*n - 167 = -219. What is the units digit of n?
3
Suppose 0 = -662*m + 625*m + 624893. What is the tens digit of m?
8
What is the hundreds digit of (-14)/(-24)*3/21 - 12100855/(-780)?
5
Let h(i) = 6*i**3 - 109*i**2 - 220*i - 15. Let k(t) = -t**3 + 22*t**2 + 44*t + 3. Let j(l) = 2*h(l) + 11*k(l). What is the units digit of j(-22)?
3
Suppose i - 1328 = -437. Suppose 33 = 4*w - 15. Suppose -w*b = -b - i. What is the tens digit of b?
8
Let b be 33/(-11) - (1 - 1). Let f(o) = 53 - 33 - 21 + 9*o**2. What is the tens digit of f(b)?
8
Suppose 15*f = y + 14*f - 1589, -5*y + 4*f = -7940. What is the tens digit of y?
8
Suppose -12*h = -7111 - 11537. Suppose -u - 13*u + h = 0. What is the tens digit of u?
1
Let j = 65142 - 42835. What is the tens digit of j?
0
Suppose -2*r = -15*t + 10*t - 522, 0 = -4*r - 3*t + 992. Suppose -r*f = -247*f - 2324. What is the hundreds digit of f?
5
What is the tens digit of (9*2/3)/(92/8878)?
7
Suppose -27*a + 116*a = 82592. What is the tens digit of a?
2
Let x = 56 - -262. Suppose -4*m = -x - 478. What is the units digit of m?
9
Let c(v) be the second derivative of v**5/20 + v**4/12 - 19*v. Let k(u) = -u**3 - u + 7. Let g(b) = -2*c(b) - k(b). What is the tens digit of g(-5)?
6
Let h be 3/(-9) + (-25)/(-3). Let q be 200/(3*h/60). What is the tens digit of 3/(-3)*3 - q/(-4)?
2
Let z(m) = 6*m**2 - 6*m + 8*m**2 - 15*m**2 + 21*m. Let l be z(27). Let c = l + 559. What is the tens digit of c?
3
Let s(g) = g**3 + g**2 - 2*g + 1. Let k be s(0). Let i be 12 + (-4)/k + -1. What is the tens digit of (12264/49)/8 - 2/i?
3
Let j = -295 + 530. Suppose -2*m = -j - 87. Let g = -94 + m. What is the units digit of g?
7
What is the tens digit of 824/(2058/(-2556) - 50/(-60))?
5
Suppose -5*b + 6977 = 4*x, -55*x - 5*b = -50*x - 8715. What is the tens digit of x?
3
Let h = 5730 - 3774. Suppose h + 159 = 9*j. What is the tens digit of j?
3
Suppose 5*g + 1220 = 2*h, -5*h + 221 = -g - 0*g. Let i = g + 507. Let d = i - 133. What is the units digit of d?
8
Let r = 147 - -32. Suppose 2*y - 556 = 4*g, -5*g + r + 78 = y. What is the tens digit of y?
7
Suppose -f + 7*c + 313 = 2*c, 4*f - c - 1176 = 0. Suppose 301*u = f*u + 3816. What is the hundreds digit of u?
4
Suppose -3*r = -3*v - 78, 2*v + 101 = 4*r + v. Suppose 6*i - 941 = r. Suppose 7*y - i = 3*y - g, -5*g + 25 = 0. What is the tens digit of y?
3
Let b = -72 + 32. Let c(g) = -g**3 - 19*g**2 + 4*g - 36. Let i be c(-19). Let f = b - i. What is the units digit of f?
2
Let i be (-8 - -14) + -4 + -1 + 1904. Let c = 2748 - i. What is the tens digit of c?
4
Let b(h) = -h - 19. Let j be b(-18). Let o be (-430)/(-15)*-6*j/4. Let t = o - 1. What is the units digit of t?
2
Let n = 18 - 21. Let m be (-2)/2 + n + -1. What is the tens digit of 561/9 + m/(-3)?
6
Suppose -57 = -i + 44. Let k(q) = -q + 0*q + 51*q**2 + i*q**2. What is the units digit of k(-1)?
3
What is the tens digit of (-303)/707 - (1 - (-138116)/(-14))?
6
Let b be ((-70)/12)/(-5)*6. Suppose 2*k + 3 = 2*i + k, 2*i - b = -3*k. Suppose 0 = 5*g + 2*m - 370, 3*m = 3*g - i*m - 222. What is the units digit of g?
4
Suppose -69563 = -2437*l + 2424*l. What is the hundreds digit of l?
3
What is the hundreds digit of (-12374653)/(-1048) + (-2)/(-16)?
8
Let w(m) = -m**3 - 2*m + 4. Let f be w(0). Suppose -f*q = 4*r - 1540, -4*q - 3*r - 717 + 2256 = 0. What is the units digit of -6 - -1 - q/(-3)?
3
Let z(d) = 73*d**2 - 2*d + 3. Suppose 4 = k + k - 3*y, 3*k = -3*y + 6. Suppose 7 = -k*s + 3, 4*s + 12 = 4*a. What is the tens digit of z(a)?
7
Suppose 0 = 5*j - b - 0 + 21, 4*b = 4*j + 4. Let m be ((15/(-9))/j)/((-3)/(-36)). Suppose 0 = -4*k - m*h + 260, -k + 83 = 3*h + 16. What is the tens digit of k?
6
Let q(w) = 13848*w - 5542. What is the units digit of q(5)?
8
Let a(p) = -6*p**3 - 5*p**2 + 2*p + 4. Let w be a(-3). Let c = w + -17. Let b = -16 + c. What is the tens digit of b?
8
Suppose 4*s + s = 0. Suppose s = 4*j + 4, 5*j + 24 = -u - 102. Let n = u - -200. What is the tens digit of n?
7
Let n = -5373 - -12126. What is the units digit of n?
3
Let h(j) = 4*j - 40. Let x be h(5). What is the tens digit of (2 + 489)*x/(-20)?
9
Let g(v) = -1 + 0 - 47*v**2 + 46*v**2. Let m(z) = 13*z**2 + 11. Let j(t) = 18*g(t) + 2*m(t). What is the units digit of j(-3)?
6
Let x = -3516 + 5206. Let v = -1014 + x. What is the tens digit of v?
7
Let x = 96 + -145. Let d = 55 + x.